{"id":37,"date":"2018-06-27T14:27:27","date_gmt":"2018-06-27T12:27:27","guid":{"rendered":"http:\/\/paradox-voyages.fr\/?page_id=37"},"modified":"2022-06-10T12:10:28","modified_gmt":"2022-06-10T10:10:28","slug":"blog","status":"publish","type":"page","link":"https:\/\/paradox-voyages.fr\/index.php\/blog\/","title":{"rendered":"Billets&#8230; d&rsquo;humeur!"},"content":{"rendered":"<h3>Encore des compagnies \u00ab\u00a0low cost\u00a0\u00bb en faillite\u00a0!!<\/h3>\n<p>Et des passagers qui ne seront pas indemnis\u00e9s sauf\u2026 si ils ont eu la sagesse d\u2019acheter leur billet d\u2019avion en agence de voyages\u00a0!<\/p>\n<p>Des turbulences mortif\u00e8res de gestion ont mis un terme aux activit\u00e9s des compagnies a\u00e9riennes Germania et Flybmi qui, du coup, viennent de \u00ab\u00a0planter\u00a0\u00bb leurs clients en interrompant tous leurs vols \u00e0 destinations de lieux touristiques du bassin m\u00e9diterran\u00e9en et du Moyen-Orient pour la premi\u00e8re et l\u2019Europe pour la seconde\u00a0!<\/p>\n<p>Pourtant rien ne pouvait pr\u00e9sager de cette fin brutale\u00a0!<\/p>\n<p>En effet, la compagnie allemande Germania avait plus de 40 ans d\u2019activit\u00e9 sur ce secteur du tourisme. Apr\u00e8s avoir profit\u00e9 de la faillite d\u2019Air Berlin, la compagnie Germania aurait pu anticiper la hausse du carburant, la fluctuation du dollar et une concurrence ruineuse. Capter toujours plus de passagers avec des prix de plus en plus serr\u00e9s l\u2019a conduite simplement \u00e0 la faillite.<\/p>\n<p>Quant \u00e0 la compagnie britannique Flybmi qui vient d\u2019\u00eatre plac\u00e9e en liquidation judiciaire, a pour sa part invoqu\u00e9 la hausse des cours du carburant et des incertitudes li\u00e9es au Brexit pour justifier l\u2019arr\u00eat brutal des vols et l\u2019abandon des passagers.<\/p>\n<p>Ni l\u2019\u00e9tat allemand ni le gouvernement britannique ne viendront en aide \u00e0 leur compagnie et les passagers\u00a0!<\/p>\n<p>Aucun remboursement des billets r\u00e9serv\u00e9s sur internet n\u2019est envisag\u00e9 ni m\u00eame des r\u00e9servations alternatives pour les clients.<\/p>\n<p>En revanche les agences de voyages ont pour obligation d\u2019indemniser leurs clients. R\u00e9fl\u00e9chissez-y pour vos prochaines vacances ou d\u00e9placements.<\/p>\n<p>En Europe, ces derniers mois il y a eu de nombreuses autres faillites de compagnies a\u00e9riennes dont Primera Air, Colbalt Air, Azur Air, Small Planet et SkyWork.<\/p>\n[contact-form-7 404 \"Non trouv\u00e9\"]\n<p><img loading=\"lazy\" class=\" size-full wp-image-93 aligncenter\" src=\"https:\/\/paradox-voyages.fr\/wp-content\/uploads\/2018\/06\/etihad-paradox-voyages4.jpg\" alt=\"etihad-paradox-voyages4\" width=\"1325\" height=\"846\" srcset=\"https:\/\/paradox-voyages.fr\/wp-content\/uploads\/2018\/06\/etihad-paradox-voyages4.jpg 1325w, https:\/\/paradox-voyages.fr\/wp-content\/uploads\/2018\/06\/etihad-paradox-voyages4-300x192.jpg 300w, https:\/\/paradox-voyages.fr\/wp-content\/uploads\/2018\/06\/etihad-paradox-voyages4-768x490.jpg 768w, https:\/\/paradox-voyages.fr\/wp-content\/uploads\/2018\/06\/etihad-paradox-voyages4-1024x654.jpg 1024w\" sizes=\"(max-width: 1325px) 100vw, 1325px\" \/><\/p>\n<h3><strong>Et si voyager en classe affaire rapportait gros\u00a0!<\/strong><\/h3>\n<h3><strong>Alors volez sur un air de business\u00a0!<\/strong><\/h3>\n<p>Paradox voyages vous r\u00e9v\u00e8le le r\u00e9sultat d\u2019un sondage effectu\u00e9 par Virgin Atlantic aupr\u00e8s de ses voyageurs d\u2019affaires.<\/p>\n<p>Il en ressort que la plupart des collaborateurs profitent de leurs d\u00e9placements professionnels pour mixer business et loisirs.<\/p>\n<p>D\u2019apr\u00e8s cette \u00e9tude h\u00e9t\u00e9roclite, les hommes d\u2019affaires ne se lassent pas des a\u00e9roports et plus de la moiti\u00e9 arrive au moins une heure plus t\u00f4t que pr\u00e9vu pour l\u2019enregistrement afin de passer du temps dans le salon VIP, dont\u00a0:<\/p>\n<ul>\n<li>6% discutent au bar<\/li>\n<li>21% profitent de ce temps pour se faire masser<\/li>\n<li>42% travaillent<\/li>\n<li>65% utilisent le Wi-Fi<\/li>\n<li>81% se restaure<\/li>\n<\/ul>\n<p>Et la liste des b\u00e9n\u00e9fices des d\u00e9placements en avion ne s\u2019arr\u00eate pas l\u00e0 car toujours selon ce sondage, ces moments d\u2019inactivit\u00e9 en apparence sont \u00e9galement b\u00e9n\u00e9fiques pour les projets \u00e0 venir\u00a0avec\u00a0:<\/p>\n<ul>\n<li>1 voyageur d&rsquo;affaires sur 5 fait maintenant du business avec quelqu&rsquo;un rencontr\u00e9 dans l\u2019avion<\/li>\n<li>1 sur 4 dit avoir eu une id\u00e9e de g\u00e9nie\u2026 ce qui nous fait environ 300.000 id\u00e9es g\u00e9niales par jour\u00a0en plein ciel!<\/li>\n<\/ul>\n<p>Et\u00a0:<\/p>\n<ul>\n<li>3% continuent de travailler<\/li>\n<li>11% rattrapent leur manque de sommeil<\/li>\n<li>13% lisent<\/li>\n<li>14% commandent quelque chose \u00e0 boire<\/li>\n<li>57% profitent de l\u2019offre de divertissements (films, jeux, etc\u2026)<\/li>\n<\/ul>\n<p>Et cerise sur le g\u00e2teau, pompon sur le bonnet, casquette sur le pilote, carburant dans l\u2019avion\u00a0:<\/p>\n<p><strong>61% d\u2019entre eux disent avoir un job de r\u00eave\u00a0!<\/strong><\/p>\n<p><strong>Alors faites ce que vous aimez et vous n\u2019aurez plus jamais \u00e0 travailler\u00a0!<\/strong><\/p>\n<p><strong>Bon vol\u00a0!<\/strong><\/p>\n\n\n<div class=\"wp-block-contact-form-7-contact-form-selector\"><div role=\"form\" class=\"wpcf7\" id=\"wpcf7-f2326-o1\" lang=\"fr-FR\" dir=\"ltr\">\n<div class=\"screen-reader-response\"><p role=\"status\" aria-live=\"polite\" aria-atomic=\"true\"><\/p> <ul><\/ul><\/div>\n<form action=\"\/index.php\/wp-json\/wp\/v2\/pages\/37#wpcf7-f2326-o1\" method=\"post\" class=\"wpcf7-form init\" novalidate=\"novalidate\" data-status=\"init\">\n<div style=\"display: none;\">\n<input type=\"hidden\" name=\"_wpcf7\" value=\"2326\" \/>\n<input type=\"hidden\" name=\"_wpcf7_version\" value=\"5.5.6.1\" \/>\n<input type=\"hidden\" name=\"_wpcf7_locale\" value=\"fr_FR\" \/>\n<input type=\"hidden\" name=\"_wpcf7_unit_tag\" value=\"wpcf7-f2326-o1\" \/>\n<input type=\"hidden\" name=\"_wpcf7_container_post\" value=\"0\" \/>\n<input type=\"hidden\" name=\"_wpcf7_posted_data_hash\" value=\"\" \/>\n<\/div>\n<p><label> Votre nom<br \/>\n    <span class=\"wpcf7-form-control-wrap your-name\"><input type=\"text\" name=\"your-name\" value=\"\" size=\"40\" class=\"wpcf7-form-control wpcf7-text wpcf7-validates-as-required\" aria-required=\"true\" aria-invalid=\"false\" \/><\/span> <\/label><\/p>\n<p><label> Votre e-mail<br \/>\n    <span class=\"wpcf7-form-control-wrap your-email\"><input type=\"email\" name=\"your-email\" value=\"\" size=\"40\" class=\"wpcf7-form-control wpcf7-text wpcf7-email wpcf7-validates-as-required wpcf7-validates-as-email\" aria-required=\"true\" aria-invalid=\"false\" \/><\/span> <\/label><\/p>\n<p><label> Objet<br \/>\n    <span class=\"wpcf7-form-control-wrap your-subject\"><input type=\"text\" name=\"your-subject\" value=\"\" size=\"40\" class=\"wpcf7-form-control wpcf7-text wpcf7-validates-as-required\" aria-required=\"true\" aria-invalid=\"false\" \/><\/span> <\/label><\/p>\n<p><label> Votre message (facultatif)<br \/>\n    <span class=\"wpcf7-form-control-wrap your-message\"><textarea name=\"your-message\" cols=\"40\" rows=\"10\" class=\"wpcf7-form-control wpcf7-textarea\" aria-invalid=\"false\"><\/textarea><\/span> <\/label><\/p>\n<p><input type=\"submit\" value=\"Envoyer\" class=\"wpcf7-form-control has-spinner wpcf7-submit\" \/><\/p>\n<div class=\"wpcf7-response-output\" aria-hidden=\"true\"><\/div><\/form><\/div><\/div>\n","protected":false},"excerpt":{"rendered":"<p>Encore des compagnies \u00ab\u00a0low cost\u00a0\u00bb en faillite\u00a0!! Et des passagers qui ne seront pas indemnis\u00e9s sauf\u2026 si ils ont eu la sagesse d\u2019acheter leur billet d\u2019avion en agence de voyages\u00a0! Des turbulences mortif\u00e8res de gestion ont mis un terme aux activit\u00e9s des compagnies a\u00e9riennes Germania et Flybmi qui, du coup, viennent de \u00ab\u00a0planter\u00a0\u00bb leurs clients [&hellip;]<\/p>\n","protected":false},"author":1,"featured_media":0,"parent":0,"menu_order":0,"comment_status":"closed","ping_status":"closed","template":"","meta":[],"_links":{"self":[{"href":"https:\/\/paradox-voyages.fr\/index.php\/wp-json\/wp\/v2\/pages\/37"}],"collection":[{"href":"https:\/\/paradox-voyages.fr\/index.php\/wp-json\/wp\/v2\/pages"}],"about":[{"href":"https:\/\/paradox-voyages.fr\/index.php\/wp-json\/wp\/v2\/types\/page"}],"author":[{"embeddable":true,"href":"https:\/\/paradox-voyages.fr\/index.php\/wp-json\/wp\/v2\/users\/1"}],"replies":[{"embeddable":true,"href":"https:\/\/paradox-voyages.fr\/index.php\/wp-json\/wp\/v2\/comments?post=37"}],"version-history":[{"count":12,"href":"https:\/\/paradox-voyages.fr\/index.php\/wp-json\/wp\/v2\/pages\/37\/revisions"}],"predecessor-version":[{"id":2330,"href":"https:\/\/paradox-voyages.fr\/index.php\/wp-json\/wp\/v2\/pages\/37\/revisions\/2330"}],"wp:attachment":[{"href":"https:\/\/paradox-voyages.fr\/index.php\/wp-json\/wp\/v2\/media?parent=37"}],"curies":[{"name":"wp","href":"https:\/\/api.w.org\/{rel}","templated":true}]}}